. Let i(s) = -s**o + 0*s - 3 + 4*s + 2*s. Determine i(q).
5
Suppose -5*o = -2*y + 28, -5*y + 0*o + 3*o + 32 = 0. Let j(t) = 2*t - 3. What is j(y)?
5
Let d(n) = -153*n + 16 - 3 + 143*n - 2*n**2 + 3*n**2 - 2*n**2. What is d(-14)?
-43
Let y(d) = -2*d - 4. Let h(j) = 5*j - 34. Let k be 1*-1*(-1)/3*24. Let w be h(k). Calculate y(w).
-16
Let o be 9/(-5)*(-110)/33. Let i(k) = -k**2 + 4*k + 17. What is i(o)?
5
Let k(t) be the third derivative of t**6/120 - 8*t**5/15 + 4*t**4/3 - 19*t**3/3 + 23*t**2 - 4*t. Calculate k(31).
-7
Let q(b) = -2*b - 3 + 14 - 1 - 3. Determine q(4).
-1
Let s be ((-5)/(-15))/((-1)/(-6)). Let i(k) = 0*k**s - k**2 + 1 + 2*k**2 - 3*k**2. Let a = -8 - -6. Determine i(a).
-7
Let k be 80/12 + 1/3. Let h = -52 + 46. Let i(t) = -2*t - 1. Let z(u) = 9*u + 13. Let o(j) = h*i(j) - z(j). Give o(k).
14
Suppose -11 = -23*x + 35. Let g(c) = 2*c**2 - 3*c - 2. Give g(x).
0
Let v(z) be the first derivative of z**4/4 + 5*z**3/3 + 3*z**2/2 - z + 298. Suppose 4*b - 5*b - 4 = 0. Give v(b).
3
Suppose 4*f - 2*s - 23 = -5, f + s + 3 = 0. Suppose -f*b - 2*t - 3*t + 14 = 0, 0 = -2*b + 2*t. Let u(v) = -2*v + v + b*v - 1. Calculate u(2).
1
Let o be 130/(-14) + (-2)/(-7). Let d(y) = y**2 + 12*y + 13. Determine d(o).
-14
Let a(x) = -13*x + 6. Let i(h) = -16*h + 7. Let b(v) = -4*a(v) + 3*i(v). Determine b(2).
5
Let v(x) be the first derivative of -x**2/2 + 10*x + 4. Suppose 2*f - 10 = 0, 2*s - 46 = -5*f - 7. Determine v(s).
3
Let n be (35/(-14))/(10/(-8)). Let v(z) = z**3 + 4 - 2*z**3 - 3*z + 2*z - 13*z**2 + 12*z**n. Suppose 2*r - 4 = -3*d + 7*d, -3*r + 6 = -5*d. Calculate v(d).
4
Let s(y) = 9. Let u(g) = g + 13. Let h(n) = 7*s(n) - 5*u(n). Calculate h(-3).
13
Let j(l) = l + 1. Let n(w) = w**2 - 14*w - 25. Let t(m) = 3*j(m) + n(m). Give t(15).
38
Let c(s) = -5 + 1201*s**2 - 2397*s**2 + 1197*s**2 - s. Give c(4).
7
Let c = -7 - -2. Let z(r) be the second derivative of -r**5/20 - r**4/3 + 7*r**3/6 + 5*r**2/2 - 204*r. Calculate z(c).
-5
Suppose 3*x - 5 - 4 = z, 0 = 2*z + 6. Let a(h) = -3*h + 57 - 57. Let n(b) = 6*b. Let w(s) = -9*a(s) - 4*n(s). Give w(x).
6
Let y(n) = 3*n + 11. Let c be (-6)/(-6) + -6 - 1. What is y(c)?
-7
Suppose -5*x + 5*p + 9 = p, 0 = 4*x - p - 16. Suppose x*d = 5*g + 20, -d - g = 4*g - 4. Let i(y) = -y - 2. Give i(d).
-6
Let r(d) = -d**2 + 2*d + 3. Let c(i) = -i**2 - 7*i - 14. Suppose -o - 5*j - 29 = 0, o - 3 + 12 = -j. Let n be c(o). What is r(n)?
-5
Let m(a) = -39*a - 18. Let f(p) = 31*p + 16. Let z(s) = 4*f(s) + 3*m(s). Give z(-7).
-39
Suppose 0 = -479*d + 466*d + 13. Let n(f) = 2*f - 4. What is n(d)?
-2
Let k(p) = -20*p + 23. Let j(m) = 11*m - 12. Let g(d) = -11*j(d) - 6*k(d). Determine g(-9).
3
Let p be -1*2 - (-9)/2*2. Let y(q) = -2*q**2 - 5*q + p*q + q**2 - 13 + 9*q. Determine y(10).
-3
Suppose 2*r = 2 + 2. Let j(h) = 6*h + h**3 + 5*h**r - 3*h + 4 + 1 + 0. Give j(-4).
9
Let i(f) = -7 + 26*f - 12*f - 8*f - 10*f. Determine i(-5).
13
Let z(r) = -r**3 - 6*r**2 + 18*r + 7. Let o be z(-8). Let q be (3 - 33/o)*9/6. Let y(u) = -u + 2. Determine y(q).
-8
Let d(t) = -17*t - 125. Let m be d(-8). Let s(g) = -6*g + 16. Give s(m).
-50
Let t(b) = b**3 - b**2 + 2*b + 1. Let l = 16 - 16. Let z be t(l). Let n(s) be the first derivative of 7*s**4/4 - s**3/3 + s**2/2 - s + 7. Calculate n(z).
6
Let t(m) be the third derivative of -m**6/120 - 7*m**5/60 - m**4/4 + 7*m**3/6 + 16*m**2 + 7*m. Suppose u = 2*x + 11, -3*u + 2 = -x - 1. What is t(x)?
7
Let r be -1*11/(22/(-12)). Let q(c) = -7*c + 17*c - 10*c + r*c**2 + 17. Let w(g) = g**2 + 3. Let b(a) = 6*q(a) - 34*w(a). What is b(-2)?
8
Let v(b) = 190*b**2 - 6 - 192*b**2 - 6*b - 1. Calculate v(-3).
-7
Let k(j) = j**3 - 8*j**2 - j + 4. Suppose 15 + 1 = 2*d. Calculate k(d).
-4
Let c(n) = -3*n**2 + 2*n - 2. Let a(y) = -2*y**2 + 2*y - 1. Let j(r) = -5*a(r) + 4*c(r). Calculate j(-2).
-7
Let j = -6 - -8. Let y be (5 - j) + -1 - -1. Let a(r) be the first derivative of -r**4/4 + r**3 + r**2/2 - 3*r + 19. Calculate a(y).
0
Let t(q) = 33*q - 10 - 14*q - 16*q. Give t(5).
5
Let z(b) = 5*b + 2. Let k be z(2). Let j be (k/(-20))/((-1)/(-5)). Let g(n) = 4*n - 3*n + 0*n. Calculate g(j).
-3
Let v(c) = 4 - 532*c**3 + 389*c**3 - 1 + 142*c**3 - 3*c**2. Suppose -7*n = 5*y - 2*n + 20, 0 = -5*y + 4*n - 11. Determine v(y).
3
Let v = 1295 + -1295. Let z(c) = -8*c - 7. Calculate z(v).
-7
Let r(y) = -y - 2*y + 5*y. Suppose 4*g - 4 - 4 = 0. Suppose -3*z - 11 = g*j - 1, -z = 3*j + 8. Determine r(j).
-4
Let v(i) = i**3 + 9*i**2 - i - 10. Let l be -7 - (4 - 13 - -11). Give v(l).
-1
Let i(h) = 11*h**2 - 1197*h + 1197*h. What is i(-1)?
11
Let y(c) = -3*c - 9*c + c**2 + 5*c. Let k = 9 - 9. Let l = k - -6. Give y(l).
-6
Suppose 2 = 2*v - 2*q, -2*v + 5*q + 14 = -0*v. Let b(g) = 778*g - 387*g + 3 - 387*g. Give b(v).
-9
Let i be 0 - (-1 - (-1 + 6)). Let f(k) be the first derivative of 28 - 1/3*k**3 + 7/2*k**2 - k. What is f(i)?
5
Let n(w) = -6*w. Suppose 9 = p - 0*r - 4*r, -2*r = 2*p - 18. Suppose -a = 5*s - 3 + 18, 3*s - 3*a = p. Give n(s).
12
Let q be 4/(4 + -3) + -1. Suppose q*f + 4 = -2*j - 2*j, 3*f - 2*j = 20. Let z(k) = k**2 - 7*k - f*k**3 + 0*k**2 + 6*k. What is z(1)?
-4
Let d(b) be the first derivative of -b**3/3 + b**2/2 - 2*b + 47. Suppose 0*w = 3*v + 3*w + 6, w = 0. What is d(v)?
-8
Let r(k) be the first derivative of -1/12*k**4 - 6*k - 1/3*k**3 - 1/2*k**2 + 3. Let w(q) be the first derivative of r(q). What is w(-4)?
-9
Let a(g) = 10*g + 41. Let m be -11*(-3 - (4 + -6)). Let p(i) = -8*i - 8. Let n(b) = b. Let r(c) = 6*n(c) + p(c). Let x(u) = m*r(u) + 2*a(u). Give x(-4).
2
Let s(j) = -5*j - 5 + 0*j + 3*j - 15 - 6. Determine s(-12).
-2
Suppose 52 + 25 = 11*r. Suppose 4 = -2*l + 8. Let f(i) = -r + 0*i**3 + 4*i**2 + 8*i - 10*i**l + i**3. Calculate f(5).
8
Let l(w) = -1 - 3*w**2 + 2*w + 3*w**2 - 2*w**2. Determine l(-2).
-13
Let v(g) = 0*g**3 + g**3 + 2735 - 2743 + 12*g**2 + 9*g. Determine v(-11).
14
Suppose 2*j + 5*j = 182. Let i(u) = 3*u - 29 + 53 - j. Calculate i(-2).
-8
Let b(l) = 2*l - 4 - 3*l + 0*l - 3. Determine b(-6).
-1
Let o(a) = -a**2 - 7*a - 3. Let g(d) = -d**2 + 15*d - 33. Let x be g(13). Give o(x).
-3
Let q(b) = 0*b**2 + 7*b - 537 - b**2 + 531. Suppose -c = -2 - 2. Calculate q(c).
6
Let h(x) = x**2 - 8*x + 10. Let a(f) = 54*f - 103. Let z be a(2). Give h(z).
-5
Let c(n) = -n**3 + 12*n**2 + 14*n - 11. Suppose j - 2*w - 110 = 14, -3*w + 581 = 5*j. Let g = 131 - j. Determine c(g).
2
Let j(c) = -2*c**3 - c**2 + 2*c - 11. Let p(f) = 3*f**3 + f**2 - 3*f + 11. Let h(z) = -4*j(z) - 3*p(z). Let q be (0/1)/(10/80*8). Calculate h(q).
11
Let c(q) = 52 - 14*q**2 - 52 - 22*q**2 + q + 47*q**2. Suppose -v = 4*v - 15. Suppose -v*a - 2 - 1 = 0. Determine c(a).
10
Let d(h) = -4491*h**3 + 17*h + 8990*h**3 - 4498*h**3 - 2 + 10*h**2. Calculate d(-8).
-10
Let p(u) be the second derivative of u**5/20 + 5*u**4/12 - u**3 - 5*u**2/2 - 41*u. What is p(-6)?
-5
Let d(i) = -i - 1. Let w be d(-6). Let y(q) be the third derivative of -q**6/120 + q**5/12 - 2*q**3/3 + 5*q**2. Calculate y(w).
-4
Suppose -6*d = -d. Let h be (-4)/(d - -4) - -5. Let l(t) = h*t**3 - 2*t**2 - 4*t**2 - 4*t + 2 - 5*t**3. Give l(-5).
-3
Suppose -4*u = u. Let f(w) = -5 + 3*w**2 + w**3 + 3 + u*w**3 + 4. Give f(-3).
2
Let c(p) = -p**3 + 12*p**2 + p - 4. Let w be c(12). Let r(t) be the first derivative of -t**2/2 + t - 60. What is r(w)?
-7
Let m be 26/(-4) + (-1)/2. Let q(o) = -o**2 + o - 1. Suppose 0 = 14*p + 13 + 1. Let r(g) = -g**3 - 5*g**2 - 2*g - 2. Let w(a) = p*r(a) - 2*q(a). Give w(m).
4
Suppose -3*w + 24 = -5*l, 3*w = -0*l - 2*l + 45. Let n(p) = -p**3 + 13*p**2 + p - 4. What is n(w)?
9
Let h be -14 - 3 - (3 + 1). Let o = -17 - h. Let d(n) = -3*n + 4. Let c(p) = -3*p + 4. Let j(z) = -4*c(z) + 5*d(z). Calculate j(o).
-8
Suppose -j = -f + 7, -j - 3*f + 1 = -8. Let o = -15 - -17. Let x(b) = -b + 4*b**o - 4*b + 4*b + 3*b + b**3 - 2. Give x(j).
1
Let r(z) = -z**3 - 2*z**2 + 13*z + 20. Let o be r(-4). Let s(h) = -h**3 - h**2 - h - 26. What is s(o)?
-26
Let z(o) = o**2 - o - 7. Let t = -463 + 468. What is z(t)?
13
Suppose 2*p - 12 = 29*i - 34*i, 3*p = 3*i - 24. Let c(l) = 3*l + 2. Give c(i).
14
Let q(d) = d + 1. Let k(h) be the third derivative of -h**4/8 - 2*h**3/3 - 7*h**2. Let z(r) = k(r) + 2*q(r). Calculate z(-4).
2
Let u(k) = k**2 - 9*k - 4. Let i(o) = -o**3 + 4*o**2 - 29*o + 78. Let x